{"id":55023,"date":"2025-05-07T17:41:20","date_gmt":"2025-05-07T15:41:20","guid":{"rendered":"https:\/\/www.fluidra.com\/person\/jaime-ramirez-alzate\/"},"modified":"2026-04-07T13:05:47","modified_gmt":"2026-04-07T11:05:47","slug":"jaime-ramirez-alzate","status":"publish","type":"person","link":"https:\/\/www.fluidra.com\/ca\/person\/jaime-ramirez-alzate\/","title":{"rendered":"Jaime Ram\u00edrez Alzate"},"content":{"rendered":"\n<p>Nascut el 1967, Jaime Ram\u00edrez s&#8217;incorpora a Fluidra l&#8217;1 de juny de 2024, assumint el rol de CEO en substituci\u00f3 de Bruce Brooks. Jaime compta amb m\u00e9s de 30 anys de responsabilitat en P&amp;L i una traject\u00f2ria en la generaci\u00f3 de creixement, aportant una gran experi\u00e8ncia i un historial contrastat en el sector dels productes de consum i industrial a escala global. Destaquen els seus c\u00e0rrecs de Vicepresident Executiu i President de Stanley Black &amp; Decker Inc. en el negoci global d&#8217;Eines i Emmagatzematge, on va supervisar m\u00e9s de 10 mil milions de d\u00f2lars en ingressos i va liderar equips d&#8217;alt rendiment a escala mundial. Tamb\u00e9 \u00e9s membre del Consell d&#8217;Administraci\u00f3 de Kimberly-Clark, una corporaci\u00f3 multinacional de cura personal.<\/p>\n","protected":false},"featured_media":50017,"template":"","meta":{"_acf_changed":true},"class_list":["post-55023","person","type-person","status-publish","has-post-thumbnail","hentry"],"acf":[],"_links":{"self":[{"href":"https:\/\/www.fluidra.com\/ca\/wp-json\/wp\/v2\/person\/55023","targetHints":{"allow":["GET"]}}],"collection":[{"href":"https:\/\/www.fluidra.com\/ca\/wp-json\/wp\/v2\/person"}],"about":[{"href":"https:\/\/www.fluidra.com\/ca\/wp-json\/wp\/v2\/types\/person"}],"wp:featuredmedia":[{"embeddable":true,"href":"https:\/\/www.fluidra.com\/ca\/wp-json\/wp\/v2\/media\/50017"}],"wp:attachment":[{"href":"https:\/\/www.fluidra.com\/ca\/wp-json\/wp\/v2\/media?parent=55023"}],"curies":[{"name":"wp","href":"https:\/\/api.w.org\/{rel}","templated":true}]}}

Jaime Ramírez Alzate

<p>Nascut el 1967, Jaime Ramírez s&#8217;incorpora a Fluidra l&#8217;1 de juny de 2024, assumint el rol de CEO en substitució de Bruce Brooks. Jaime compta amb més de 30 anys de responsabilitat en P&amp;L i una trajectòria en la generació de creixement, aportant una gran experiència i un historial contrastat en el sector dels productes de consum i industrial a escala global. Destaquen els seus càrrecs de Vicepresident Executiu i President de Stanley Black &amp; Decker Inc. en el negoci global d&#8217;Eines i Emmagatzematge, on va supervisar més de 10 mil milions de dòlars en ingressos i va liderar equips d&#8217;alt rendiment a escala mundial. També és membre del Consell d&#8217;Administració de Kimberly-Clark, una corporació multinacional de cura personal.</p>
