{"id":55042,"date":"2025-01-20T16:35:32","date_gmt":"2025-01-20T15:35:32","guid":{"rendered":"https:\/\/www.fluidra.com\/person\/manuel-puig-rocha\/"},"modified":"2026-04-07T13:10:25","modified_gmt":"2026-04-07T11:10:25","slug":"manuel-puig-rocha","status":"publish","type":"person","link":"https:\/\/www.fluidra.com\/ca\/person\/manuel-puig-rocha\/","title":{"rendered":"Manuel Puig Rocha"},"content":{"rendered":"\n<p>Nascut el 1961, Manuel Puig Rocha \u00e9s enginyer industrial per la Universitat Polit\u00e8cnica de Catalunya (UPC). Manuel Puig ha ocupat diversos c\u00e0rrecs executius a Puig durant m\u00e9s de 35 anys. Durant la seva carrera professional a Puig, Manuel Puig va estar al capdavant de la direcci\u00f3 de diverses de les seves marques i, en els darrers deu anys, va participar molt activament en els processos d&#8217;adquisici\u00f3 que han configurat el creixement inorg\u00e0nic de Puig. Manuel Puig \u00e9s Vicepresident de Puig i President de la Comissi\u00f3 ESG del Consell d&#8217;Administraci\u00f3 de Puig. A m\u00e9s, \u00e9s membre dels Consells d&#8217;Administraci\u00f3 d&#8217;Exea Empresarial, Isdin, Flamagas i Colonial.<\/p>\n","protected":false},"featured_media":9645,"template":"","meta":{"_acf_changed":true},"class_list":["post-55042","person","type-person","status-publish","has-post-thumbnail","hentry"],"acf":[],"_links":{"self":[{"href":"https:\/\/www.fluidra.com\/ca\/wp-json\/wp\/v2\/person\/55042","targetHints":{"allow":["GET"]}}],"collection":[{"href":"https:\/\/www.fluidra.com\/ca\/wp-json\/wp\/v2\/person"}],"about":[{"href":"https:\/\/www.fluidra.com\/ca\/wp-json\/wp\/v2\/types\/person"}],"wp:featuredmedia":[{"embeddable":true,"href":"https:\/\/www.fluidra.com\/ca\/wp-json\/wp\/v2\/media\/9645"}],"wp:attachment":[{"href":"https:\/\/www.fluidra.com\/ca\/wp-json\/wp\/v2\/media?parent=55042"}],"curies":[{"name":"wp","href":"https:\/\/api.w.org\/{rel}","templated":true}]}}

<p>Nascut el 1961, Manuel Puig Rocha és enginyer industrial per la Universitat Politècnica de Catalunya (UPC). Manuel Puig ha ocupat diversos càrrecs executius a Puig durant més de 35 anys. Durant la seva carrera professional a Puig, Manuel Puig va estar al capdavant de la direcció de diverses de les seves marques i, en els darrers deu anys, va participar molt activament en els processos d&#8217;adquisició que han configurat el creixement inorgànic de Puig. Manuel Puig és Vicepresident de Puig i President de la Comissió ESG del Consell d&#8217;Administració de Puig. A més, és membre dels Consells d&#8217;Administració d&#8217;Exea Empresarial, Isdin, Flamagas i Colonial.</p>
