{"id":55051,"date":"2025-01-20T16:00:22","date_gmt":"2025-01-20T15:00:22","guid":{"rendered":"https:\/\/www.fluidra.com\/person\/barbara-borra\/"},"modified":"2026-04-07T14:04:59","modified_gmt":"2026-04-07T12:04:59","slug":"barbara-borra","status":"publish","type":"person","link":"https:\/\/www.fluidra.com\/ca\/person\/barbara-borra\/","title":{"rendered":"Barbara Borra"},"content":{"rendered":"\n<p>Nascuda el 1960, Barbara Borra \u00e9s Presidenta i CEO de la divisi\u00f3 de solucions per a la llar del Grup Franke des de gener de 2019. Barbara t\u00e9 una \u00e0mplia experi\u00e8ncia internacional, havent viscut en 9 pa\u00efsos i 11 ciutats entre Europa, els EUA i la Xina. Abans d&#8217;incorporar-se a Franke, Barbara va treballar a Whirlpool durant 10 anys, ocupant diferents c\u00e0rrecs d&#8217;alta direcci\u00f3, m\u00e9s recentment com a Vicepresidenta d&#8217;operacions a la Xina. Anteriorment, Barbara va desenvolupar diversos c\u00e0rrecs internacionals en diferents pa\u00efsos durant la seva etapa a Rhodia i General Electric.<\/p>\n\n\n\n<p>Barbara \u00e9s llicenciada en Enginyeria Qu\u00edmica pel Polit\u00e8cnic de Tor\u00ed i t\u00e9 un M\u00e0ster en Administraci\u00f3 i Direcci\u00f3 d&#8217;Empreses per INSEAD.<\/p>\n","protected":false},"featured_media":9588,"template":"","meta":{"_acf_changed":true},"class_list":["post-55051","person","type-person","status-publish","has-post-thumbnail","hentry"],"acf":[],"_links":{"self":[{"href":"https:\/\/www.fluidra.com\/ca\/wp-json\/wp\/v2\/person\/55051","targetHints":{"allow":["GET"]}}],"collection":[{"href":"https:\/\/www.fluidra.com\/ca\/wp-json\/wp\/v2\/person"}],"about":[{"href":"https:\/\/www.fluidra.com\/ca\/wp-json\/wp\/v2\/types\/person"}],"wp:featuredmedia":[{"embeddable":true,"href":"https:\/\/www.fluidra.com\/ca\/wp-json\/wp\/v2\/media\/9588"}],"wp:attachment":[{"href":"https:\/\/www.fluidra.com\/ca\/wp-json\/wp\/v2\/media?parent=55051"}],"curies":[{"name":"wp","href":"https:\/\/api.w.org\/{rel}","templated":true}]}}

<p>Nascuda el 1960, Barbara Borra és Presidenta i CEO de la divisió de solucions per a la llar del Grup Franke des de gener de 2019. Barbara té una àmplia experiència internacional, havent viscut en 9 països i 11 ciutats entre Europa, els EUA i la Xina. Abans d&#8217;incorporar-se a Franke, Barbara va treballar a Whirlpool durant 10 anys, ocupant diferents càrrecs d&#8217;alta direcció, més recentment com a Vicepresidenta d&#8217;operacions a la Xina. Anteriorment, Barbara va desenvolupar diversos càrrecs internacionals en diferents països durant la seva etapa a Rhodia i General Electric.</p>



<p>Barbara és llicenciada en Enginyeria Química pel Politècnic de Torí i té un Màster en Administració i Direcció d&#8217;Empreses per INSEAD.</p>
